[INFO] fetching crate tentacle-ping 0.3.9...
[INFO] checking tentacle-ping-0.3.9 against master#af3c6e733a40e671550e0f0f5aeecaa13772ba56 for pr-74989
[INFO] extracting crate tentacle-ping 0.3.9 into /workspace/builds/worker-0/source
[INFO] validating manifest of crates.io crate tentacle-ping 0.3.9 on toolchain af3c6e733a40e671550e0f0f5aeecaa13772ba56
[INFO] running `Command { std: "/workspace/cargo-home/bin/cargo" "+af3c6e733a40e671550e0f0f5aeecaa13772ba56" "read-manifest" "--manifest-path" "Cargo.toml", kill_on_drop: false }`
[INFO] started tweaking crates.io crate tentacle-ping 0.3.9
[INFO] finished tweaking crates.io crate tentacle-ping 0.3.9
[INFO] tweaked toml for crates.io crate tentacle-ping 0.3.9 written to /workspace/builds/worker-0/source/Cargo.toml
[INFO] crate crates.io crate tentacle-ping 0.3.9 already has a lockfile, it will not be regenerated
[INFO] running `Command { std: "/workspace/cargo-home/bin/cargo" "+af3c6e733a40e671550e0f0f5aeecaa13772ba56" "fetch" "--locked" "--manifest-path" "Cargo.toml", kill_on_drop: false }`
[INFO] [stderr]     Blocking waiting for file lock on package cache
[INFO] running `Command { std: "docker" "create" "-v" "/var/lib/crater-agent-workspace/builds/worker-0/target:/opt/rustwide/target:rw,Z" "-v" "/var/lib/crater-agent-workspace/builds/worker-0/source:/opt/rustwide/workdir:ro,Z" "-v" "/var/lib/crater-agent-workspace/cargo-home:/opt/rustwide/cargo-home:ro,Z" "-v" "/var/lib/crater-agent-workspace/rustup-home:/opt/rustwide/rustup-home:ro,Z" "-e" "SOURCE_DIR=/opt/rustwide/workdir" "-e" "CARGO_TARGET_DIR=/opt/rustwide/target" "-e" "CARGO_HOME=/opt/rustwide/cargo-home" "-e" "RUSTUP_HOME=/opt/rustwide/rustup-home" "-w" "/opt/rustwide/workdir" "-m" "1610612736" "--user" "0:0" "--network" "none" "rustops/crates-build-env@sha256:d92eaeed33fa75130ca1ee6c8a01d1ffb62bac859dfdfb3450e3e5d1c0146529" "/opt/rustwide/cargo-home/bin/cargo" "+af3c6e733a40e671550e0f0f5aeecaa13772ba56" "metadata" "--no-deps" "--format-version=1", kill_on_drop: false }`
[INFO] [stdout] 25fc50c6e07016c4eebb7c165fbeb01b8b4478791feb9916763cc323175e4060
[INFO] [stderr] WARNING: Your kernel does not support swap limit capabilities or the cgroup is not mounted. Memory limited without swap.
[INFO] running `Command { std: "docker" "start" "-a" "25fc50c6e07016c4eebb7c165fbeb01b8b4478791feb9916763cc323175e4060", kill_on_drop: false }`
[INFO] running `Command { std: "docker" "inspect" "25fc50c6e07016c4eebb7c165fbeb01b8b4478791feb9916763cc323175e4060", kill_on_drop: false }`
[INFO] running `Command { std: "docker" "rm" "-f" "25fc50c6e07016c4eebb7c165fbeb01b8b4478791feb9916763cc323175e4060", kill_on_drop: false }`
[INFO] [stdout] 25fc50c6e07016c4eebb7c165fbeb01b8b4478791feb9916763cc323175e4060
[INFO] running `Command { std: "docker" "create" "-v" "/var/lib/crater-agent-workspace/builds/worker-0/target:/opt/rustwide/target:rw,Z" "-v" "/var/lib/crater-agent-workspace/builds/worker-0/source:/opt/rustwide/workdir:ro,Z" "-v" "/var/lib/crater-agent-workspace/cargo-home:/opt/rustwide/cargo-home:ro,Z" "-v" "/var/lib/crater-agent-workspace/rustup-home:/opt/rustwide/rustup-home:ro,Z" "-e" "SOURCE_DIR=/opt/rustwide/workdir" "-e" "CARGO_TARGET_DIR=/opt/rustwide/target" "-e" "CARGO_INCREMENTAL=0" "-e" "RUST_BACKTRACE=full" "-e" "RUSTFLAGS=--cap-lints=forbid" "-e" "CARGO_HOME=/opt/rustwide/cargo-home" "-e" "RUSTUP_HOME=/opt/rustwide/rustup-home" "-w" "/opt/rustwide/workdir" "-m" "1610612736" "--user" "0:0" "--network" "none" "rustops/crates-build-env@sha256:d92eaeed33fa75130ca1ee6c8a01d1ffb62bac859dfdfb3450e3e5d1c0146529" "/opt/rustwide/cargo-home/bin/cargo" "+af3c6e733a40e671550e0f0f5aeecaa13772ba56" "check" "--frozen" "--all" "--all-targets" "--message-format=json", kill_on_drop: false }`
[INFO] [stdout] 011fd59e2474a20462cb7185b84d855dca80b4d0d39b32739f6bd7f64c4dfe71
[INFO] [stderr] WARNING: Your kernel does not support swap limit capabilities or the cgroup is not mounted. Memory limited without swap.
[INFO] running `Command { std: "docker" "start" "-a" "011fd59e2474a20462cb7185b84d855dca80b4d0d39b32739f6bd7f64c4dfe71", kill_on_drop: false }`
[INFO] [stderr]    Compiling libc v0.2.62
[INFO] [stderr]     Checking cfg-if v0.1.9
[INFO] [stderr]    Compiling autocfg v0.1.6
[INFO] [stderr]    Compiling semver-parser v0.7.0
[INFO] [stderr]    Compiling byteorder v1.3.2
[INFO] [stderr]     Checking smallvec v0.6.10
[INFO] [stderr]     Checking rand_core v0.4.2
[INFO] [stderr]     Checking scopeguard v1.0.0
[INFO] [stderr]    Compiling cc v1.0.40
[INFO] [stderr]    Compiling typenum v1.10.0
[INFO] [stderr]    Compiling bitflags v1.1.0
[INFO] [stderr]    Compiling pkg-config v0.3.16
[INFO] [stderr]    Compiling serde v1.0.99
[INFO] [stderr]     Checking unsigned-varint v0.2.2
[INFO] [stderr]    Compiling memchr v2.2.1
[INFO] [stderr]    Compiling openssl v0.10.25
[INFO] [stderr]     Checking untrusted v0.7.0
[INFO] [stderr]    Compiling tentacle-secio v0.2.2
[INFO] [stderr]     Checking spin v0.5.1
[INFO] [stderr]     Checking arrayref v0.3.5
[INFO] [stderr]     Checking bs58 v0.2.4
[INFO] [stderr]     Checking bs58 v0.3.0
[INFO] [stderr]     Checking data-encoding v2.1.2
[INFO] [stderr]     Checking quick-error v1.2.2
[INFO] [stderr]     Checking regex-syntax v0.6.11
[INFO] [stderr]     Checking termcolor v1.0.5
[INFO] [stderr]     Checking thread_local v0.3.6
[INFO] [stderr]     Checking tokio-sync v0.1.7
[INFO] [stderr]     Checking block-padding v0.1.4
[INFO] [stderr]     Checking crossbeam-utils v0.6.6
[INFO] [stderr]     Checking lock_api v0.3.2
[INFO] [stderr]     Checking rand_core v0.3.1
[INFO] [stderr]     Checking rand_jitter v0.1.4
[INFO] [stderr]    Compiling semver v0.9.0
[INFO] [stderr]     Checking unicode-normalization v0.1.8
[INFO] [stderr]     Checking log v0.4.8
[INFO] [stderr]     Checking humantime v1.2.0
[INFO] [stderr]    Compiling crossbeam-utils v0.7.0
[INFO] [stderr]    Compiling crossbeam-epoch v0.8.0
[INFO] [stderr]    Compiling rand_chacha v0.1.1
[INFO] [stderr]    Compiling rand_pcg v0.1.2
[INFO] [stderr]    Compiling rand v0.6.5
[INFO] [stderr]     Checking rand_xorshift v0.1.1
[INFO] [stderr]     Checking rand_hc v0.1.0
[INFO] [stderr]     Checking rand_isaac v0.1.1
[INFO] [stderr]     Checking tokio-executor v0.1.9
[INFO] [stderr]     Checking crossbeam-queue v0.1.2
[INFO] [stderr]     Checking crossbeam-channel v0.3.9
[INFO] [stderr]    Compiling rustc_version v0.2.3
[INFO] [stderr]     Checking xml-rs v0.7.0
[INFO] [stderr]     Checking tokio-timer v0.2.12
[INFO] [stderr]     Checking tokio-current-thread v0.1.6
[INFO] [stderr]     Checking aho-corasick v0.7.6
[INFO] [stderr]    Compiling parking_lot_core v0.6.2
[INFO] [stderr]    Compiling parking_lot v0.9.0
[INFO] [stderr]    Compiling memoffset v0.5.3
[INFO] [stderr]     Checking generic-channel v0.2.0
[INFO] [stderr]     Checking iovec v0.1.2
[INFO] [stderr]     Checking num_cpus v1.10.1
[INFO] [stderr]     Checking net2 v0.2.33
[INFO] [stderr]     Checking rand_os v0.1.3
[INFO] [stderr]     Checking rand v0.4.6
[INFO] [stderr]     Checking atty v0.2.13
[INFO] [stderr]     Checking bytes v0.4.12
[INFO] [stderr]     Checking xmltree v0.8.0
[INFO] [stderr]    Compiling openssl-sys v0.9.52
[INFO] [stderr]    Compiling ring v0.16.7
[INFO] [stderr]    Compiling secp256k1 v0.15.3
[INFO] [stderr]     Checking idna v0.1.5
[INFO] [stderr]     Checking mio v0.6.20
[INFO] [stderr]     Checking generic-array v0.12.3
[INFO] [stderr]     Checking tokio-io v0.1.12
[INFO] [stderr]     Checking http v0.1.18
[INFO] [stderr]     Checking digest v0.8.1
[INFO] [stderr]     Checking block-buffer v0.7.3
[INFO] [stderr]     Checking crypto-mac v0.7.0
[INFO] [stderr]     Checking crossbeam-deque v0.7.2
[INFO] [stderr]     Checking blake2 v0.8.0
[INFO] [stderr]     Checking sha-1 v0.8.1
[INFO] [stderr]     Checking sha2 v0.8.0
[INFO] [stderr]     Checking sha3 v0.8.2
[INFO] [stderr]     Checking url v1.7.2
[INFO] [stderr]     Checking tokio-threadpool v0.1.16
[INFO] [stderr]     Checking tokio-codec v0.1.1
[INFO] [stderr]     Checking tokio-reactor v0.1.11
[INFO] [stderr]     Checking mio-uds v0.6.7
[INFO] [stderr]     Checking parity-multihash v0.1.3
[INFO] [stderr]     Checking tokio-uds v0.2.5
[INFO] [stderr]     Checking tokio-udp v0.1.5
[INFO] [stderr]     Checking tokio-tcp v0.1.3
[INFO] [stderr]     Checking regex v1.2.1
[INFO] [stderr]     Checking tokio-fs v0.1.6
[INFO] [stderr]     Checking tokio v0.1.22
[INFO] [stderr]     Checking tokio-yamux v0.1.14
[INFO] [stderr]     Checking env_logger v0.6.2
[INFO] [stderr]     Checking attohttpc v0.4.1
[INFO] [stderr]     Checking parity-multiaddr v0.4.1
[INFO] [stderr]     Checking igd v0.9.1
[INFO] [stdout] error: Please choose a serialization format via feature. Possible choices: flatc, molc
[INFO] [stdout]   --> /opt/rustwide/cargo-home/registry/src/github.com-1ecc6299db9ec823/tentacle-secio-0.2.2/src/handshake/mod.rs:14:1
[INFO] [stdout]    |
[INFO] [stdout] 14 | compile_error!("Please choose a serialization format via feature. Possible choices: flatc, molc");
[INFO] [stdout]    | ^^^^^^^^^^^^^^^^^^^^^^^^^^^^^^^^^^^^^^^^^^^^^^^^^^^^^^^^^^^^^^^^^^^^^^^^^^^^^^^^^^^^^^^^^^^^^^^^^^
[INFO] [stdout] 
[INFO] [stdout] 
[INFO] [stdout] error[E0599]: no method named `encode` found for struct `Exchange` in the current scope
[INFO] [stdout]    --> /opt/rustwide/cargo-home/registry/src/github.com-1ecc6299db9ec823/tentacle-secio-0.2.2/src/handshake/procedure.rs:134:45
[INFO] [stdout]     |
[INFO] [stdout] 134 |             let local_exchanges = exchanges.encode();
[INFO] [stdout]     |                                             ^^^^^^ method not found in `Exchange`
[INFO] [stdout]     | 
[INFO] [stdout]    ::: /opt/rustwide/cargo-home/registry/src/github.com-1ecc6299db9ec823/tentacle-secio-0.2.2/src/handshake/handshake_struct.rs:138:1
[INFO] [stdout]     |
[INFO] [stdout] 138 | pub struct Exchange {
[INFO] [stdout]     | ------------------- method `encode` not found for this
[INFO] [stdout]     |
[INFO] [stdout]     = help: items from traits can only be used if the trait is implemented and in scope
[INFO] [stdout]     = note: the following traits define an item `encode`, perhaps you need to implement one of them:
[INFO] [stdout]             candidate #1: `Encoder`
[INFO] [stdout]             candidate #2: `RsaEncoding`
[INFO] [stdout] 
[INFO] [stdout] 
[INFO] [stdout] error[E0599]: no function or associated item named `decode` found for struct `Exchange` in the current scope
[INFO] [stdout]    --> /opt/rustwide/cargo-home/registry/src/github.com-1ecc6299db9ec823/tentacle-secio-0.2.2/src/handshake/procedure.rs:161:60
[INFO] [stdout]     |
[INFO] [stdout] 161 |                     let remote_exchanges = match Exchange::decode(&raw_exchanges) {
[INFO] [stdout]     |                                                            ^^^^^^ function or associated item not found in `Exchange`
[INFO] [stdout]     | 
[INFO] [stdout]    ::: /opt/rustwide/cargo-home/registry/src/github.com-1ecc6299db9ec823/tentacle-secio-0.2.2/src/handshake/handshake_struct.rs:138:1
[INFO] [stdout]     |
[INFO] [stdout] 138 | pub struct Exchange {
[INFO] [stdout]     | ------------------- function or associated item `decode` not found for this
[INFO] [stdout]     |
[INFO] [stdout]     = help: items from traits can only be used if the trait is implemented and in scope
[INFO] [stdout]     = note: the following trait defines an item `decode`, perhaps you need to implement it:
[INFO] [stdout]             candidate #1: `Decoder`
[INFO] [stdout] 
[INFO] [stdout] 
[INFO] [stdout] error[E0277]: the size for values of type `[u8]` cannot be known at compilation time
[INFO] [stdout]    --> /opt/rustwide/cargo-home/registry/src/github.com-1ecc6299db9ec823/tentacle-secio-0.2.2/src/handshake/procedure.rs:227:52
[INFO] [stdout]     |
[INFO] [stdout] 227 |         .and_then(|(socket, pub_ephemeral_context, key_material)| {
[INFO] [stdout]     |                                                    ^^^^^^^^^^^^ doesn't have a size known at compile-time
[INFO] [stdout]     |
[INFO] [stdout]     = help: the trait `Sized` is not implemented for `[u8]`
[INFO] [stdout]     = note: all local variables must have a statically known size
[INFO] [stdout]     = help: unsized locals are gated as an unstable feature
[INFO] [stdout] 
[INFO] [stdout] 
[INFO] [stdout] error[E0277]: the size for values of type `[u8]` cannot be known at compilation time
[INFO] [stdout]    --> /opt/rustwide/cargo-home/registry/src/github.com-1ecc6299db9ec823/tentacle-secio-0.2.2/src/handshake/procedure.rs:227:20
[INFO] [stdout]     |
[INFO] [stdout] 227 |         .and_then(|(socket, pub_ephemeral_context, key_material)| {
[INFO] [stdout]     |                    ^^^^^^^^^^^^^^^^^^^^^^^^^^^^^^^^^^^^^^^^^^^^^ doesn't have a size known at compile-time
[INFO] [stdout]     |
[INFO] [stdout]     = help: within `(_, [type error], [u8])`, the trait `Sized` is not implemented for `[u8]`
[INFO] [stdout]     = note: required because it appears within the type `(_, [type error], [u8])`
[INFO] [stdout]     = help: unsized locals are gated as an unstable feature
[INFO] [stdout] help: function arguments must have a statically known size, borrowed types always have a known size
[INFO] [stdout]     |
[INFO] [stdout] 227 |         .and_then(|(socket, pub_ephemeral_context, key_material&)| {
[INFO] [stdout]     |                                                                ^
[INFO] [stdout] 
[INFO] [stdout] 
[INFO] [stdout] error[E0599]: no method named `encode` found for enum `handshake_struct::PublicKey` in the current scope
[INFO] [stdout]    --> /opt/rustwide/cargo-home/registry/src/github.com-1ecc6299db9ec823/tentacle-secio-0.2.2/src/handshake/handshake_context.rs:93:49
[INFO] [stdout]     |
[INFO] [stdout] 93  |         proposition.pubkey = public_key.clone().encode();
[INFO] [stdout]     |                                                 ^^^^^^ method not found in `handshake_struct::PublicKey`
[INFO] [stdout]     | 
[INFO] [stdout]    ::: /opt/rustwide/cargo-home/registry/src/github.com-1ecc6299db9ec823/tentacle-secio-0.2.2/src/handshake/handshake_struct.rs:206:1
[INFO] [stdout]     |
[INFO] [stdout] 206 | pub enum PublicKey {
[INFO] [stdout]     | ------------------ method `encode` not found for this
[INFO] [stdout]     |
[INFO] [stdout]     = help: items from traits can only be used if the trait is implemented and in scope
[INFO] [stdout]     = note: the following traits define an item `encode`, perhaps you need to implement one of them:
[INFO] [stdout]             candidate #1: `Encoder`
[INFO] [stdout]             candidate #2: `RsaEncoding`
[INFO] [stdout] 
[INFO] [stdout] 
[INFO] [stdout] error[E0599]: no method named `encode` found for struct `Propose` in the current scope
[INFO] [stdout]    --> /opt/rustwide/cargo-home/registry/src/github.com-1ecc6299db9ec823/tentacle-secio-0.2.2/src/handshake/handshake_context.rs:116:45
[INFO] [stdout]     |
[INFO] [stdout] 116 |         let proposition_bytes = proposition.encode();
[INFO] [stdout]     |                                             ^^^^^^ method not found in `Propose`
[INFO] [stdout]     | 
[INFO] [stdout]    ::: /opt/rustwide/cargo-home/registry/src/github.com-1ecc6299db9ec823/tentacle-secio-0.2.2/src/handshake/handshake_struct.rs:17:1
[INFO] [stdout]     |
[INFO] [stdout] 17  | pub struct Propose {
[INFO] [stdout]     | ------------------ method `encode` not found for this
[INFO] [stdout]     |
[INFO] [stdout]     = help: items from traits can only be used if the trait is implemented and in scope
[INFO] [stdout]     = note: the following traits define an item `encode`, perhaps you need to implement one of them:
[INFO] [stdout]             candidate #1: `Encoder`
[INFO] [stdout]             candidate #2: `RsaEncoding`
[INFO] [stdout] 
[INFO] [stdout] 
[INFO] [stdout] error[E0599]: no function or associated item named `decode` found for struct `Propose` in the current scope
[INFO] [stdout]    --> /opt/rustwide/cargo-home/registry/src/github.com-1ecc6299db9ec823/tentacle-secio-0.2.2/src/handshake/handshake_context.rs:135:38
[INFO] [stdout]     |
[INFO] [stdout] 135 |         let propose = match Propose::decode(&remote_bytes) {
[INFO] [stdout]     |                                      ^^^^^^ function or associated item not found in `Propose`
[INFO] [stdout]     | 
[INFO] [stdout]    ::: /opt/rustwide/cargo-home/registry/src/github.com-1ecc6299db9ec823/tentacle-secio-0.2.2/src/handshake/handshake_struct.rs:17:1
[INFO] [stdout]     |
[INFO] [stdout] 17  | pub struct Propose {
[INFO] [stdout]     | ------------------ function or associated item `decode` not found for this
[INFO] [stdout]     |
[INFO] [stdout]     = help: items from traits can only be used if the trait is implemented and in scope
[INFO] [stdout]     = note: the following trait defines an item `decode`, perhaps you need to implement it:
[INFO] [stdout]             candidate #1: `Decoder`
[INFO] [stdout] 
[INFO] [stdout] 
[INFO] [stdout] error[E0599]: no variant or associated item named `decode` found for enum `handshake_struct::PublicKey` in the current scope
[INFO] [stdout]    --> /opt/rustwide/cargo-home/registry/src/github.com-1ecc6299db9ec823/tentacle-secio-0.2.2/src/handshake/handshake_context.rs:146:43
[INFO] [stdout]     |
[INFO] [stdout] 146 |         let public_key = match PublicKey::decode(&propose.pubkey) {
[INFO] [stdout]     |                                           ^^^^^^ variant or associated item not found in `handshake_struct::PublicKey`
[INFO] [stdout]     | 
[INFO] [stdout]    ::: /opt/rustwide/cargo-home/registry/src/github.com-1ecc6299db9ec823/tentacle-secio-0.2.2/src/handshake/handshake_struct.rs:206:1
[INFO] [stdout]     |
[INFO] [stdout] 206 | pub enum PublicKey {
[INFO] [stdout]     | ------------------ variant or associated item `decode` not found here
[INFO] [stdout]     |
[INFO] [stdout]     = help: items from traits can only be used if the trait is implemented and in scope
[INFO] [stdout]     = note: the following trait defines an item `decode`, perhaps you need to implement it:
[INFO] [stdout]             candidate #1: `Decoder`
[INFO] [stdout] 
[INFO] [stdout] 
[INFO] [stdout] error[E0308]: mismatched types
[INFO] [stdout]    --> /opt/rustwide/cargo-home/registry/src/github.com-1ecc6299db9ec823/tentacle-secio-0.2.2/src/handshake/handshake_context.rs:241:17
[INFO] [stdout]     |
[INFO] [stdout] 241 |                 nonce,
[INFO] [stdout]     |                 ^^^^^
[INFO] [stdout]     |                 |
[INFO] [stdout]     |                 expected struct `Vec`, found slice `[u8]`
[INFO] [stdout]     |                 help: try using a conversion method: `nonce: nonce.to_vec()`
[INFO] [stdout]     |
[INFO] [stdout]     = note: expected struct `Vec<u8>`
[INFO] [stdout]                 found slice `[u8]`
[INFO] [stdout] 
[INFO] [stdout] 
[INFO] [stdout] error: aborting due to 10 previous errors
[INFO] [stdout] 
[INFO] [stdout] 
[INFO] [stdout] Some errors have detailed explanations: E0277, E0308, E0599.
[INFO] [stdout] 
[INFO] [stdout] For more information about an error, try `rustc --explain E0277`.
[INFO] [stdout] 
[INFO] [stderr] error: could not compile `tentacle-secio`.
[INFO] [stderr] 
[INFO] [stderr] To learn more, run the command again with --verbose.
[INFO] running `Command { std: "docker" "inspect" "011fd59e2474a20462cb7185b84d855dca80b4d0d39b32739f6bd7f64c4dfe71", kill_on_drop: false }`
[INFO] running `Command { std: "docker" "rm" "-f" "011fd59e2474a20462cb7185b84d855dca80b4d0d39b32739f6bd7f64c4dfe71", kill_on_drop: false }`
[INFO] [stdout] 011fd59e2474a20462cb7185b84d855dca80b4d0d39b32739f6bd7f64c4dfe71
